ive of -r**4/24 + r**3/6 + 2*r**2 - 56. Give v(c).
4
Let x(o) = o + 1. Suppose -4*v + 6 + 12 = 2*t, t = 2*v - 15. Let w(s) = 1 + 8*s + s - s + 6. Let q(c) = v*x(c) - w(c). Give q(3).
-7
Let t(i) be the first derivative of -i**4/4 + 2*i**3 - 5*i**2/2 + i - 3. Let z = -644 - -649. Determine t(z).
1
Let n(u) = -21*u - 45. Let d be n(-12). Let k(x) = -d*x + 4*x**2 + 207*x. Give k(-1).
4
Let t = -73 - 7. Let m = 89 + t. Let h(a) = -a + 11. What is h(m)?
2
Let d(m) = m**3 + 6*m**2 + 4*m + 1. Let i = 0 + 0. Let p be (32/10 - 3)/((-5)/(-125)). Suppose h = -i*h - p. Give d(h).
6
Let g(k) = 3*k**3 - 3*k**2 + 3*k + 13. Let a(r) = -5*r**3 + 4*r**2 - 4*r - 20. Let j(s) = 5*a(s) + 8*g(s). Determine j(-5).
9
Let z(j) = j**3 - 6*j**2 - 3*j + 18. Let p be z(6). Let b(a) = -a**2 - a - 34. Determine b(p).
-34
Let x(b) = -4*b**2 + 5*b + 7. Let a(h) = -h**2 + 1. Let i(q) = 3*a(q) - x(q). Determine i(5).
-4
Let l(a) = -4*a + 1. Let w(g) = -4*g - 7. Let i be w(-3). Let j = i + 0. Suppose -3*q + 10 = -2*k, 2*q + 4 = -j*k - q. Give l(k).
9
Suppose 3*i - 12 - 6 = 0. Let b(c) = -18*c**2 + 11*c**2 - c + i*c**2 - 8*c**3. Calculate b(-1).
8
Suppose 1 = -4*p + 9. Let o = p + -1. Let i(x) = -8*x - 1 + 9*x - 1. Calculate i(o).
-1
Let l(g) = -g**2 - 12*g + 16. Let i be l(-13). Suppose i*x = 7 - 10. Let h(c) = -29*c**3 - 2*c**2 + 1. Give h(x).
28
Suppose 5 + 3 = -2*d, 0 = 3*k + d + 13. Let a(m) = -62*m - 47*m**2 + 1 + 45*m**2 - m**3 + 65*m. Calculate a(k).
1
Let i(q) = q**2 + 11*q + 3. Let v(c) = -7*c**2 - 3*c - 11. Let y be v(0). Determine i(y).
3
Let v be (-8 + -6)*(-1)/2. Let o(j) = 3*j**3 - j**2 - v - 2*j**3 - 300*j + 294*j. Let h(d) = d**3 - d**2 - 5*d - 6. Let y(g) = 5*h(g) - 4*o(g). Determine y(2).
0
Let i = -162 + 160. Let c(t) = -6*t - 3. Determine c(i).
9
Let d be (-1)/(-3) + (-48)/(-18). Let n(v) = d*v - 5 - 9 + 8. Calculate n(5).
9
Suppose 0*b = -3*b + 6. Let p(z) = -92 + 90 - 2*z - z. Calculate p(b).
-8
Let q(c) = c**3 + 5*c**2 + 5*c - 4. Let s be 1/(-5) + (-138)/10. Let k be 26*(-4)/(-8) + -3. Let d = s + k. Determine q(d).
-8
Let z(u) = -u - 3. Suppose 3*j - 3*s = -42, 0 = -j + 5*s + 15 - 37. Calculate z(j).
9
Let v(s) = 3*s - 50*s**3 - 6*s - 2 - 52*s**3 + 163*s**3 - 58*s**3. Calculate v(-2).
-20
Suppose -2*d = -6*d. Let z(q) = 1 + d*q - q - 1 - 1. Give z(-4).
3
Let u = 10 + -8. Suppose -2*p - u*a = 3*p - 16, 0 = -a - 2. Suppose -7*q + p*q - 15 = 0. Let b(n) = -n - 5. Determine b(q).
0
Let w(s) = 3*s**3 + 6*s**2 + 5*s - 10. Let h(b) = -5*b**3 - 11*b**2 - 9*b + 18. Let i(q) = -4*h(q) - 7*w(q). What is i(2)?
0
Let h(l) = l - 2. Let y(d) = -18*d + 6. Let u(q) = 3*h(q) + y(q). Calculate u(-1).
15
Let k(z) = -4*z**2 - 2 + 5*z**2 - 5 + 7*z - 2*z**2. Give k(5).
3
Let n(v) be the third derivative of v**6/120 - 7*v**5/60 + v**4/8 + 5*v**3/6 + 273*v**2 + 2*v. Determine n(6).
-13
Let n(r) = -28*r + 1. Suppose 18*u - 14*u = -16. Let h be (-6)/u - (-110)/(-44). What is n(h)?
29
Let z = -36 - -39. Let s(f) = f - 1. Determine s(z).
2
Let w(p) = -p**2 + 7*p + 3. Suppose 5*f + 109 = -3*v - 62, 2*f = 2*v + 98. Let b = v + 58. What is w(b)?
9
Suppose -4*r + 5*j + 16 = -5*r, j + 4 = 0. Let k(x) = x. What is k(r)?
4
Let v(y) = 4*y - 1. Let k = -120 - -121. What is v(k)?
3
Suppose -26 = -5*u + 14. Suppose -24 = u*p - 0*p. Let y(f) = 3*f + 2. Determine y(p).
-7
Let k(h) = 2*h + 7. Suppose c + 4*q = -0*c - 11, 0 = -3*c - 2*q - 13. Let b = -9 - c. Calculate k(b).
-5
Let h(i) = -i**3 - 7*i**2 - 4*i + 4. Let m(r) = -2*r**3 - 22*r**2 - 21*r - 16. Let b be m(-10). Determine h(b).
-8
Let k(c) = 10*c**2 - 33*c - 8. Let u(o) = -7*o**2 + 22*o + 5. Let w(n) = 5*k(n) + 7*u(n). Give w(12).
7
Let w = -15 - -17. Let j be (3 - (-1 + -1))*1. Suppose -w*v = -j + 1. Let r(s) = s**3 - 4*s**2 + s - 1. What is r(v)?
-7
Suppose -3*u + 8 = 20, l = 4*u + 18. Let j(r) = r**2 - l*r**2 - 2*r**2. Give j(-1).
-3
Let d(f) be the third derivative of f**4/24 - f**3/6 - 2*f**2. Let s be (6/10)/(8/(-40)). Let k be (0 - s/6)/(2/16). What is d(k)?
3
Let f(j) = -j**2 + 25*j - 9. Let z be f(24). Let y(o) = -o**2 + 15*o - 12. Determine y(z).
-12
Let c(t) = t**3 + 10*t**2 + 9*t - 8. Suppose 0 = -3*u + 7*u + 5*l + 31, 0 = u - l + 10. Calculate c(u).
-8
Let m(z) = -8*z**2 - 8*z + 1. Let w(v) = -v**2 - v. Let i(c) = m(c) - 6*w(c). Suppose 6*y = -24 + 12. Give i(y).
-3
Let y(d) be the first derivative of -1/4*d**4 - 5/3*d**3 + 3 - d - 2*d**2. Give y(-3).
-7
Let g be ((-15)/30)/(2/28). Let m(o) = -5*o - 9. What is m(g)?
26
Let q(o) = 9*o - 24. Let g be q(8). Suppose -5*m + 2*m = -g. Let a(v) = 0*v**2 - v**2 + m + 5*v - 15 - 3*v. Give a(3).
-2
Let h = 472 + -452. Suppose -15 = -0*c + c. Let f = h + c. Let v(k) = -k**3 + 4*k**2 + 3*k + 1. Give v(f).
-9
Let d = 28 + -24. Let o(u) = -6*u**2 + 12*u**2 + 2 - 7*u**2 - d*u. Give o(-5).
-3
Let v(g) = -4*g**3 - g + 1. Let w(p) = -1. Let j(n) = v(n) + 2*w(n). What is j(-1)?
4
Let c(v) = -2*v**2 + 10*v + 8. Let k(n) be the first derivative of -n**3 + 5*n**2 + 9*n - 27. Let y(l) = 4*c(l) - 3*k(l). Give y(-5).
-20
Let a(q) be the third derivative of q**6/120 - q**5/6 + 7*q**4/24 + q**3/2 + 51*q**2. Give a(9).
-15
Let t = 2 - -1. Let m(g) be the first derivative of -g**4/4 + g**3/3 + 3*g**2/2 - 2*g - 14. Give m(t).
-11
Let o = 646 - 656. Let y(a) = -5*a - 50. Determine y(o).
0
Let o(t) = 2*t + 7. Suppose -3*y - y = -348. Let a = 55 - y. Let s = a + 26. Determine o(s).
-5
Let s = 21 - 15. Let g be (s - 0)*13/(-39). Let a(x) = -9*x + 8. Let l(d) = -8*d + 7. Let h(c) = -5*a(c) + 6*l(c). Determine h(g).
8
Let a = -1 + -5. Let n be (-46)/a + 22/(-33). Let i(y) = -9*y + n*y + 5*y. What is i(1)?
3
Let v(u) = u**2 - 5*u + 6. Let f = -1141 - -1143. Determine v(f).
0
Let p(w) be the first derivative of w**2/2 - 10*w - 342. Determine p(12).
2
Let y(b) = 11*b**2 + 16*b - 1. Let m(s) = -4*s**2 - 5*s. Let a(t) = -8*m(t) - 3*y(t). Let l be a(-8). Let g(z) = -z**2 + z + 1. Calculate g(l).
-5
Let f(b) = 15*b - 26. Let z = 349 - 347. Give f(z).
4
Suppose 3*u - 4 - 8 = 0. Let p(m) = 9528*m - 19065*m + 9541*m + 5 - m**2. What is p(u)?
5
Let d(k) = -11*k - 52. Let l(s) = 5*s + 23. Let g(w) = 3*d(w) + 7*l(w). Let m = 0 - 5. Determine g(m).
-5
Let b be (-5 - -7) + 18/2. Let v(u) = u**2 - 12*u + 16. Let h be v(b). Let q(s) = -s**2 + 5*s - 1. Give q(h).
-1
Let v(t) = t - 5. Let p be v(8). Let d(f) = f**2 + 7*f + 6. Let o be d(-6). Let l(y) = -5*y**2 + 0*y**2 + 4*y - 3 + o*y**2 + 4 + y**3. Calculate l(p).
-5
Let m(u) = 4*u**2 - 1. Let j(r) be the third derivative of -r**4/24 - 5*r**3/3 - r**2. Let t be j(-7). Let b be t/(-2)*8/(-12). Calculate m(b).
3
Let s(p) be the first derivative of p**3/3 - p - 27. Determine s(-1).
0
Let q(z) = -z**2 + 10*z - 11. Suppose -1 = c + 3*i - 8, i - 7 = -c. Determine q(c).
10
Let i(r) = r**2 - 14*r + 26. Let h be (-2)/4 + 69/6. Let z be i(h). Let q(a) = 2*a + 8. Give q(z).
-6
Let q(t) = 21 - 48 + 5*t**2 + 24 - t**3 + t + t. Suppose 5 = -j + 2*j. Determine q(j).
7
Let u(k) = k - 3. Let j(m) = -1. Let t(w) = w + 6. Let x(s) = -j(s) + t(s). Let a be x(-2). Determine u(a).
2
Let h(z) = 349*z**3 - 3*z**2 - 700*z**3 + 9 - z + 12*z**2 + 350*z**3. Determine h(9).
0
Suppose -6 = -h - 2. Suppose -4*v - h = -6*v. Let s(y) = -6*y + 6. Let x(b) = -3*b + 3. Let u(l) = 3*s(l) - 5*x(l). Give u(v).
-3
Let k(z) = -15*z + 198. Let s be k(13). Let a(p) = 5*p + 3. What is a(s)?
18
Let a = 113 + -106. Suppose v - 31 = -5*h, 0 = -h + v - 2*v + a. Let n(l) = l - 7. What is n(h)?
-1
Let j = -7 - -12. Let s(l) be the first derivative of 1/3*l**3 + 33 - 4*l - 3*l**2. Give s(j).
-9
Suppose 5141*n = 5136*n + 5. Let f(w) = 4*w**2 - w - 1. Determine f(n).
2
Let r = 59 + -57. Let y(l) = -4*l + 9 - l**3 - 13 - 6*l**r - l**2. Give y(-6).
-16
Let l(p) = -2*p - 7. Let v(t) = -124*t - 494. Let s be v(-4). What is l(s)?
-11
Let s(i) = 3*i + 9. Suppose 0 = 2*y - 8 - 0. Let o(d) = -d - 4. Let j(n) = y*s(n) + 9*o(n). Suppose 3*a - 3*r - r + 14 = 0, 2*a = -r + 9. Calculate j(a).
6
Let p(m) = -m**2 + 9*m + 0*m - 19*m - 2*m - 5*m + 2. Determine p(-17).
2
Let o(b) = -7*b**3 - b**2 - 3*b - 8. Let z(p) = -17*p**3 - 6*p - 15. Let i(q) = 5*o(q) - 2*z(q). What is i(-4)?
-14
Let s(u) = 2*u - 7. Let f be s(7). Suppose 5 = -m + f. Let g(p) = -p**2 + 3*p - 3. Determine g(m).
-1
Let f(t) be the third derivative of t**5/30 + t**4/24 + 108*